43. Is p(-7) composite?
False
Suppose -3*m = -12 + 3, -3*m - 386 = -5*x. Is x a prime number?
True
Suppose -o + 19 = 4. Suppose m - 220 = -i, m = -4*i - o + 241. Is m composite?
True
Suppose 0 = -c + 6*c - 15. Suppose 3*i - 6 = c. Is i composite?
False
Let m = -11 + 7. Let v = 2 + m. Is v/7 + 88/14 a prime number?
False
Let o(f) = -3*f**3 - 8*f**2 - 3*f + 3. Let n(b) = 5*b**3 + 16*b**2 + 6*b - 6. Let l(s) = 4*n(s) + 7*o(s). Is l(6) composite?
True
Let d = -30 + 115. Is d composite?
True
Let g be 2/((-6)/(-3)) - -19. Let j be 14/2*(0 - 1). Let b = g + j. Is b prime?
True
Let a = -260 + 393. Is a prime?
False
Let j(x) = 261*x. Let g be j(-1). Let w = -143 - g. Let q = w + -65. Is q prime?
True
Suppose -4*z - 3*u - 22 + 149 = 0, -2*z + 3*u = -41. Is (55/(-10))/((-2)/z) a composite number?
True
Let m(o) = 5*o - 22. Let c(g) = 2*g - 7. Let i(p) = 8*c(p) - 3*m(p). Let y be i(-10). Is 4 - (0 + (y - 3)) a composite number?
False
Let i(c) = -2*c**2 + 8*c + 5. Let y be i(4). Suppose -d + 4*n = -2*d + 315, -y*n = -3*d + 860. Is d a prime number?
False
Let z be (-4)/(-6)*-3*-3. Suppose g - 93 = 3*v, 0 = 5*v - 2*g - 2*g + 155. Let d = z - v. Is d a prime number?
True
Let c = 1 + 0. Is (17 - -4)/c - -1 prime?
False
Let n(f) = 3*f**3 - f**2 + f - 1. Let s be n(1). Suppose -s*m - g - 377 = -6*m, -274 = -3*m - g. Is m prime?
False
Let j = 1346 - 897. Is j a prime number?
True
Is (1384/1 - 5) + 0 + 3 a prime number?
False
Suppose 2*i + 5*n - 116 = 0, -202 = -4*i + 3*n + 2*n. Is i a composite number?
False
Suppose -89190 = -20*n - 11730. Is n composite?
True
Let y = 2672 + -1591. Is y composite?
True
Is (42/105)/(1/((-12955)/(-2))) a composite number?
False
Let r = 51 + -44. Is r prime?
True
Suppose -3*s - u + 132 = -8*s, 3*u - 136 = 5*s. Let w = -17 - s. Is 6/(-4)*(-60)/w composite?
True
Suppose 4 = 2*h - 12. Let c(g) = -2 - 2*g + 4*g - g. Is c(h) prime?
False
Let k be 1*3 - 18/6. Suppose k = 5*a - 271 - 439. Is a composite?
True
Let k(f) = -f - 5. Let d be k(-8). Suppose 0 = 2*n + d*g + 1 - 8, -n = -5*g + 3. Is 2 + n/1 + 91 composite?
True
Let u(h) be the first derivative of h**2/2 - 3*h + 1. Is u(10) prime?
True
Is ((-1556)/8 - 3)*-2 a prime number?
False
Is (6/12 - 941/(-2))*1 a composite number?
True
Let d(i) = -38*i**3 - i**2 - 3*i - 1. Is d(-2) a prime number?
False
Suppose x = 226 - 41. Is x composite?
True
Let s be ((-10)/4)/(3/(-138)). Let p = s - 62. Is p prime?
True
Let m be 2*(33/6 - 0). Let o(p) = p - 9. Let z be o(m). Suppose -6 = -f - z. Is f a prime number?
False
Suppose 0 = -2*t + 4*t. Let s = t + 2. Is 0 - 0 - (-154)/s composite?
True
Let s(a) = 2*a**2. Let r be s(-1). Let n be 6/(-30) + r/10. Suppose 3*v - 435 = -n*v. Is v a composite number?
True
Let f = -51 - -96. Suppose -19 = -4*z - 2*g + 19, 5*g + f = 4*z. Is z composite?
True
Is 669/1*3*2/18 composite?
False
Suppose 5*f - 2430 = -5*r, -974 = -2*r - 0*r - 3*f. Let d = r + -167. Is d composite?
False
Let v = 178 - 55. Suppose n - 342 = v. Suppose u + 4*u - n = 0. Is u prime?
False
Let j(i) = -28*i - 8. Let l be j(7). Let h = l - -319. Is h a prime number?
False
Let h(l) = l**3 - 7*l**2 - 8*l - 9. Let o be h(7). Let u = o + 118. Is u prime?
True
Let g(d) = -d**3 + 5*d**2 + 7*d - 7. Let b be g(6). Let n = b + 34. Is n composite?
True
Let h(w) = 40*w**3 - w. Suppose 0*l = 4*l - 4. Is h(l) prime?
False
Is 7/(21/438) - -3 a composite number?
False
Let i(u) = 5*u**2 - 2*u + 6. Let d(s) = 2*s + 1. Let h(j) = 3*j + 3. Let y(p) = 5*d(p) - 3*h(p). Let o be y(9). Is i(o) composite?
True
Suppose -3*d - 2*d = 0. Suppose -3*j - 3 = -d. Is (-5 + 2)/(j/2) a prime number?
False
Let s be (693/18)/((-1)/(-2)). Let v = s + -54. Is v composite?
False
Let v(f) = 5*f**2 + 5*f + 3. Let w = 2 + -5. Let h be v(w). Let x = 72 - h. Is x a prime number?
False
Suppose p - 22682 = -10*p. Is p composite?
True
Suppose 0 = -2*b - 2*b - 8. Let u = 0 - b. Is (u - 24/10)*-35 a composite number?
True
Suppose 5*l - 3*s - 3986 = 0, 3*l + s - 3998 = -2*l. Is l a prime number?
False
Suppose 5*s - 5 = -3*f - 20, 5*f = -5*s - 15. Suppose 8*w - 4*w - 364 = f. Is w composite?
True
Let q(p) = 21*p**3 - 2*p**2 - 10*p + 7. Is q(6) prime?
False
Let c(r) = -8*r**2 - 4*r - 2. Let x(a) = -a**2. Let t(f) = -c(f) - 4*x(f). Is t(-4) a prime number?
False
Suppose -z = p - 2*z - 289, -4*z = 5*p - 1481. Is p composite?
False
Let u(g) = 5*g**2 + 7*g + 5. Is u(-4) a prime number?
False
Suppose 4*s - 5*p - 36 = 0, -s - 4*p + 1 = 13. Is (-296)/s*(-7)/2 a prime number?
False
Let m = -619 - -111. Let l = 889 + m. Is l composite?
True
Let n = -21 - -71. Suppose 1 - 9 = -2*i. Suppose 2*o = 4*k - n - 96, -i*k + 5*o = -143. Is k composite?
False
Suppose -6*c + 7*c = 9. Is 3/((c/78)/1) a composite number?
True
Let s(g) be the third derivative of g**4/24 + 2*g**2. Let x be s(3). Suppose d - x*u + 187 = 6*d, d - 5*u = 15. Is d a prime number?
False
Let s(x) = 2*x**3 + 3*x**2 + 5. Let r be s(6). Suppose -3*y + r = -2*l, -2*y = -0*l - 4*l - 350. Is y a prime number?
False
Let h(m) = -m**2 + 2. Let i be h(0). Is (-6)/12*i*-31 a composite number?
False
Let v(z) = -10*z - 3. Let w(l) = -l**2 + l + 2. Let x be w(0). Suppose -9 = k - x. Is v(k) composite?
False
Let c(h) = 7*h + 9*h**2 - h**3 + 0*h**3 + 44 - 49. Is c(8) a prime number?
False
Suppose -3*b + 2*u - 14 = -6, -2*u + 8 = 3*b. Suppose 2*z = -d + 507, b = -z - d - 2*d + 266. Is z a prime number?
True
Suppose -18*c + 14*c + 6772 = 0. Is c prime?
True
Suppose -154 - 68 = -2*o. Is o composite?
True
Let g be (1 + -2)/(1/(-19)). Is (g/((-3)/(-3)))/1 a prime number?
True
Suppose -1634 = -3*l - 191. Is l a composite number?
True
Let k be (1 - -8) + (2 - -1). Let z be (-8)/k + (-2254)/(-6). Suppose z = -5*m + 1120. Is m a prime number?
True
Let l = -599 - -1152. Is l prime?
False
Suppose 3*f - f + 22 = -4*w, -2*f + w = -3. Let q be (-2 + 3)/f - 69. Is (q/4)/(5/(-10)) a composite number?
True
Let w = 595 - 206. Is w a composite number?
False
Let a = -4319 + 6232. Is a prime?
True
Let t = 634 + -341. Is t a prime number?
True
Let m(a) = 25*a**3 - a + 1. Let n be 1/(3/(-6)) - -3. Is m(n) composite?
True
Let m = -5947 - -3473. Let c = -1613 - m. Suppose -c + 46 = -5*d. Is d prime?
True
Suppose -147 = -2*u - 55. Suppose -4*l - u + 266 = 0. Is l prime?
False
Let a = 857 - 606. Is a composite?
False
Let o(i) = -i**2 - 9*i - 1. Let n(m) = -2*m**2 - 14*m - 2. Let t(x) = -5*n(x) + 8*o(x). Suppose 3*h - 8 = 2*r, -4*r + 12 = -0*r + h. Is t(r) prime?
False
Suppose 0*o = 9*o - 1881. Is o a prime number?
False
Let s be ((-2)/(-6))/(3/18). Let t(g) be the second derivative of 19*g**3/6 - g**2/2 - 3*g. Is t(s) a prime number?
True
Suppose -6 - 11 = h. Let s = -3 - h. Is s composite?
True
Let s(w) be the first derivative of w**5/10 + w**4/24 - 2*w**3/3 - 3*w**2/2 + 3. Let c(a) be the second derivative of s(a). Is c(3) a composite number?
False
Suppose p = -3*p - 1220. Let g be (-4)/(-10) - 4484/10. Let l = p - g. Is l prime?
False
Suppose -3*n - 23 = 5*f, -3 + 12 = -2*n + 3*f. Let j = n - -20. Is j prime?
False
Let c(g) be the first derivative of -2*g + 0*g**2 + 2/3*g**3 + 2 - 1/2*g**4. Is c(-2) a prime number?
False
Let o = 0 - 0. Suppose 4*r - r - 15 = o, -3*h + 265 = 2*r. Is h composite?
True
Suppose 12*s + 2171 - 11111 = 0. Is s prime?
False
Suppose -3*s + 30 = -5*s. Let d be (-21)/s - 6/(-10). Suppose -5*t = -3*t + 3*w - 308, -306 = -d*t - 4*w. Is t prime?
True
Suppose 5*w + 278 = 4*w. Let p = w + 464. Suppose 112 + p = 2*h. Is h a composite number?
False
Suppose -3*f = -g - g - 25, 0 = -2*f - 2*g. Suppose f*p = -3*i + 256, -4*p + 3*p - 4*i = -41. Is p composite?
False
Let q(t) be the first derivative of -11*t**4/24 + t**3/2 - t**2 + 2. Let i(s) be the second derivative of q(s). Is i(-5) a composite number?
True
Is (-12778)/(-14) + 4/14 a prime number?
False
Let t(f) = -2*f**3 - 3*f + 34. Let v(m) = 3*m**3 + 5*m - 68. Let c(b) = 5*t(b) + 3*v(b). Let l be c(0). Let z = -12 - l. Is z a prime number?
False
Let y(g) = -g**2 + 13*g + 2. Let v be y(13). Suppose -a + 2*r = 2*a - 39, 0 = 5*a + v*r - 49. Is a prime?
True
Suppose 2*r - 3*a = a - 24, -5*a = -5*r - 35. Is -21*r/12*14 a composite number?
True
Let t(s) be the first derivative of s**4/12 - 2*s**3/3 - 9*s**2/2 - 4*s + 1. Let d(o) be the first derivative of t(o). Is d(-6) c